75972?
2
What is the ten thousands digit of 1327930843?
3
What is the millions digit of 1558038679?
8
What is the hundred millions digit of 3341797409?
3
What is the hundred thousands digit of 732961860?
9
What is the hundred thousands digit of 4108522922?
5
What is the units digit of 2079849069?
9
What is the thousands digit of 12472306?
2
What is the hundred thousands digit of 495840594?
8
What is the hundreds digit of 676853389?
3
What is the hundreds digit of 6819451?
4
What is the ten thousands digit of 9095306072?
0
What is the hundred thousands digit of 2085970067?
9
What is the tens digit of 7015112059?
5
What is the thousands digit of 158785219?
5
What is the millions digit of 155344458?
5
What is the tens digit of 2998477790?
9
What is the hundreds digit of 96582688?
6
What is the thousands digit of 4166407747?
7
What is the millions digit of 39989504?
9
What is the units digit of 116305986?
6
What is the ten millions digit of 136571525?
3
What is the units digit of 13559122?
2
What is the thousands digit of 24601437?
1
What is the millions digit of 6199355033?
9
What is the ten thousands digit of 401558549?
5
What is the units digit of 844732701?
1
What is the units digit of 186439615?
5
What is the ten thousands digit of 590381773?
8
What is the hundred millions digit of 102101763?
1
What is the units digit of 90644780?
0
What is the hundreds digit of 1873156920?
9
What is the ten millions digit of 3241985125?
4
What is the hundreds digit of 208476976?
9
What is the millions digit of 105425068?
5
What is the tens digit of 82257789?
8
What is the units digit of 6692654619?
9
What is the thousands digit of 564653736?
3
What is the tens digit of 1072865748?
4
What is the hundreds digit of 373989073?
0
What is the hundreds digit of 133887520?
5
What is the hundred millions digit of 1238136355?
2
What is the ten thousands digit of 60101624?
0
What is the ten thousands digit of 337283255?
8
What is the thousands digit of 4914324?
4
What is the tens digit of 1652514828?
2
What is the millions digit of 240860809?
0
What is the units digit of 203188205?
5
What is the hundred millions digit of 1372511312?
3
What is the tens digit of 299102466?
6
What is the hundred thousands digit of 3563350808?
3
What is the thousands digit of 1369938793?
8
What is the hundred millions digit of 1694901272?
6
What is the millions digit of 2418090333?
8
What is the ten thousands digit of 668184429?
8
What is the hundred thousands digit of 207127494?
1
What is the billions digit of 5442440833?
5
What is the tens digit of 432055516?
1
What is the hundred thousands digit of 680335836?
3
What is the ten thousands digit of 38726612?
2
What is the hundred thousands digit of 159277250?
2
What is the hundred thousands digit of 3972226321?
2
What is the ten millions digit of 383006802?
8
What is the hundred millions digit of 1809441257?
8
What is the units digit of 735377970?
0
What is the ten millions digit of 33909203?
3
What is the ten thousands digit of 126411926?
1
What is the ten millions digit of 167087332?
6
What is the hundreds digit of 164302331?
3
What is the millions digit of 421531160?
1
What is the thousands digit of 292653577?
3
What is the millions digit of 74876939?
4
What is the hundred thousands digit of 57134507?
1
What is the units digit of 1254603104?
4
What is the tens digit of 204525488?
8
What is the ten millions digit of 218892731?
1
What is the hundreds digit of 2507921762?
7
What is the thousands digit of 172994850?
4
What is the ten thousands digit of 13838307?
3
What is the ten thousands digit of 2804436183?
3
What is the hundreds digit of 766723624?
6
What is the millions digit of 12671594?
2
What is the thousands digit of 71060148?
0
What is the hundreds digit of 5567296126?
1
What is the hundred millions digit of 1695539473?
6
What is the ten millions digit of 50197149?
5
What is the millions digit of 2524734253?
4
What is the millions digit of 113632513?
3
What is the thousands digit of 145630215?
0
What is the tens digit of 7952399024?
2
What is the billions digit of 1260451997?
1
What is the ten thousands digit of 2286184437?
8
What is the units digit of 54995970?
0
What is the millions digit of 384959328?
4
What is the thousands digit of 11291679?
1
What is the ten millions digit of 98995034?
9
What is the tens digit of 31090155?
5
What is the tens digit of 98520952?
5
What is the thousands digit of 1767474071?
4
What is the tens digit of 49087284?
8
What is the millions digit of 48958508?
8
What is the ten millions digit of 414940939?
1
What is the tens digit of 158863521?
2
What is the ten thousands digit of 14266332?
6
What is the hundred thousands digit of 20962149?
9
What is the hundred thousands digit of 2737919771?
9
What is the thousands digit of 3421926954?
6
What is the ten millions digit of 314310971?
1
What is the hundred thousands digit of 310833113?
8
What is the hundreds digit of 3465924517?
5
What is the hundred millions digit of 165350026?
1
What is the ten millions digit of 6910281934?
1
What is the hundreds digit of 288472151?
1
What is the units digit of 27211258?
8
What is the hundred thousands digit of 18471085?
4
What is the thousands digit of 1211751513?
1
What is the billions digit of 7576731762?
7
What is the hundred millions digit of 2299998031?
2
What is the hundred millions digit of 188899633?
1
What is the thousands digit of 27696975?
6
What is the ten millions digit of 28308598?
2
What is the thousands digit of 228924024?
4
What is the hundred millions digit of 284216922?
2
What is the thousands digit of 6335207?
5
What is the ten millions digit of 170932008?
7
What is the thousands digit of 24054566?
4
What is the ten thousands digit of 31241969?
4
What is the ten millions digit of 1741774741?
4
What is the tens digit of 901303934?
3
What is the ten millions digit of 161715894?
6
What is the ten millions digit of 3521285831?
2
What is the ten thousands digit of 498318785?
1
What is the ten thousands digit of 155215627?
1
What is the ten millions digit of 842026267?
4
What is the millions digit of 127334374?
7
What is the units digit of 6987307?
7
What is the thousands digit of 137107166?
7
What is the tens digit of 229787225?
2
What is the ten thousands digit of 1404711068?
1
What is the thousands digit of 133137470?
7
What is the hundreds digit of 332717378?
3
What is the units digit of 603528844?
4
What is the hundreds digit of 92259832?
8
What is the thousands digit of 337666433?
6
What is the hundreds digit of 47521648?
6
What is the hundred thousands digit of 81748701?
7
What is the units digit of 273772439?
9
What is the units digit of 1280252017?
7
What is the ten thousands digit of 127185611?
8
What is the tens digit of 4448144383?
8
What is the ten millions digit of 82415329?
8
What is the hundred millions digit of 833597544?
8
What is the tens digit of 94240446?
4
What is the ten thousands digit of 1490834628?
3
What is the hundreds digit of 135824477?
4
What is the ten millions digit of 33539170?
3
What is the millions digit of 4296536834?
6
What is the millions digit of 3555705619?
5
What is the millions digit of 245195693?
5
What is the ten thousands digit of 1307976639?
7
What is the hundred thousands digit of 1035930173?
9
What is the millions digit of 171073700?
1
What is the tens digit of 520113011?
1
What is the millions digit of 1729047969?
9
What is the tens digit of 37777757?
5
What is the ten millions digit of 338226475?
3
What is the thousands digit of 65898464?
8
What is the tens digit of 72333188?
8
What is the ten millions digit of 79426717?
7
What is the units digit of 156933343?
3
What is the hundred thousands digit of 2517027321?
0
What is the ten thousands digit of 141492460?
9
What is the ten millions digit of 6521070171?
2
What is the ten thousands digit of 426290773?
9
What is the tens digit of 26220152?
5
What is the hundreds digit of 333046041?
0
What is the tens digit of 14493120?
2
What is the ten thousands digit of 510132948?
3
What is the hundred thousands digit of 48023463?
0
What is the hundreds digit of 4929834317?
3
What is the ten thousands digit of 4717155865?
5
What is the tens digit of 419089070?
7
What is the units digit of 3631356036?
6
What is th